{"id":338,"date":"2023-03-28T08:45:07","date_gmt":"2023-03-28T07:45:07","guid":{"rendered":"https:\/\/circodeloshorrores.com\/lanovela\/?page_id=338"},"modified":"2023-03-28T08:45:38","modified_gmt":"2023-03-28T07:45:38","slug":"politica-de-privacidad","status":"publish","type":"page","link":"https:\/\/circodeloshorrores.com\/lanovela\/politica-de-privacidad\/","title":{"rendered":"Pol\u00edtica de privacidad"},"content":{"rendered":"\t\t<div data-elementor-type=\"wp-page\" data-elementor-id=\"338\" class=\"elementor elementor-338\">\n\t\t\t\t\t\t\t\t\t<section class=\"elementor-section elementor-top-section elementor-element elementor-element-6fa17e3 elementor-section-boxed elementor-section-height-default elementor-section-height-default\" data-id=\"6fa17e3\" data-element_type=\"section\">\n\t\t\t\t\t\t<div class=\"elementor-container elementor-column-gap-default\">\n\t\t\t\t\t<div class=\"elementor-column elementor-col-100 elementor-top-column elementor-element elementor-element-d06df09\" data-id=\"d06df09\" data-element_type=\"column\">\n\t\t\t<div class=\"elementor-widget-wrap elementor-element-populated\">\n\t\t\t\t\t\t\t\t<div class=\"elementor-element elementor-element-41cf87f elementor-widget elementor-widget-heading\" data-id=\"41cf87f\" data-element_type=\"widget\" data-widget_type=\"heading.default\">\n\t\t\t\t<div class=\"elementor-widget-container\">\n\t\t\t<style>\/*! elementor - v3.11.5 - 14-03-2023 *\/\n.elementor-heading-title{padding:0;margin:0;line-height:1}.elementor-widget-heading .elementor-heading-title[class*=elementor-size-]>a{color:inherit;font-size:inherit;line-height:inherit}.elementor-widget-heading .elementor-heading-title.elementor-size-small{font-size:15px}.elementor-widget-heading .elementor-heading-title.elementor-size-medium{font-size:19px}.elementor-widget-heading .elementor-heading-title.elementor-size-large{font-size:29px}.elementor-widget-heading .elementor-heading-title.elementor-size-xl{font-size:39px}.elementor-widget-heading .elementor-heading-title.elementor-size-xxl{font-size:59px}<\/style><h1 class=\"elementor-heading-title elementor-size-default\">Pol\u00edtica de privacidad<\/h1>\t\t<\/div>\n\t\t\t\t<\/div>\n\t\t\t\t<div class=\"elementor-element elementor-element-b2384c4 custom-text elementor-widget elementor-widget-text-editor\" data-id=\"b2384c4\" data-element_type=\"widget\" data-widget_type=\"text-editor.default\">\n\t\t\t\t<div class=\"elementor-widget-container\">\n\t\t\t<style>\/*! elementor - v3.11.5 - 14-03-2023 *\/\n.elementor-widget-text-editor.elementor-drop-cap-view-stacked .elementor-drop-cap{background-color:#818a91;color:#fff}.elementor-widget-text-editor.elementor-drop-cap-view-framed .elementor-drop-cap{color:#818a91;border:3px solid;background-color:transparent}.elementor-widget-text-editor:not(.elementor-drop-cap-view-default) .elementor-drop-cap{margin-top:8px}.elementor-widget-text-editor:not(.elementor-drop-cap-view-default) .elementor-drop-cap-letter{width:1em;height:1em}.elementor-widget-text-editor .elementor-drop-cap{float:left;text-align:center;line-height:1;font-size:50px}.elementor-widget-text-editor .elementor-drop-cap-letter{display:inline-block}<\/style>\t\t\t\tEn aplicaci\u00f3n de lo dispuesto en el Reglamento (UE) 2016\/679 del Parlamento Europeo y del Consejo, de 27 de abril de 2016 y en la Ley Org\u00e1nica 3\/2018 de 5 de diciembre, de Protecci\u00f3n de Datos de Car\u00e1cter Personal y garant\u00eda de los derechos digitales. La Pol\u00edtica de Privacidad se debe incluir de manera obligatoria en una p\u00e1gina web cuando \u00e9sta recoja alg\u00fan dato personal del usuario.\n\n<h2>PROTECCI\u00d3N DE DATOS DE CAR\u00c1CTER PERSONAL<\/h2>\nRARA SUMA Y SIGUE ESPECTACULOS S.L., informa a los usuarios de su p\u00e1gina web www.circodeloshorrores.com  a trav\u00e9s de esta Pol\u00edtica de Privacidad sobre el tratamiento y protecci\u00f3n de los datos de car\u00e1cter personal de los usuarios que puedan ser recabados mediante su navegaci\u00f3n o contrataci\u00f3n de servicios que realicen en este portal. El uso de esta web por parte del usuario conlleva la aceptaci\u00f3n por su parte de esta Pol\u00edtica de Privacidad.\nRARA SUMA Y SIGUE ESPECTACULOS S.L., adopta las medidas necesarias para garantizar la seguridad, integridad y confidencialidad de los datos conforme a lo establecido en el Reglamento (UE) 2016\/679 del Parlamento Europeo y del Consejo, de 27 de abril de 2016, relativo a la protecci\u00f3n de las personas f\u00edsicas en lo que respecta al tratamiento de datos personales y a la libre circulaci\u00f3n de los mismos, y en aquello no previsto por \u00e9ste por la Ley Org\u00e1nica 3\/2018 de 5 de diciembre, de Protecci\u00f3n de Datos de Car\u00e1cter Personal y garant\u00eda de los derechos digitales y la Ley 34\/2002, de 11 de julio, de Servicios de la Sociedad de la Informaci\u00f3n y de Comercio Electr\u00f3nico.\nMediante los formularios de registro del presente sitio web o el env\u00edo de correo electr\u00f3nico se recogen y tratan datos personales de cada usuario, el tratamiento de los cuales se rige por la presente Pol\u00edtica de Privacidad. Estos datos son necesarios para la gesti\u00f3n y mantenimiento de algunos de los servicios prestados por RARA SUMA Y SIGUE ESPECTACULOS S.L.\n<br \/>\n<h2>RESPONSABLE DEL TRATAMIENTO DE LOS DATOS PERSONALES<\/h2>\nEl responsable del tratamiento de los datos personales que el usuario facilite al acceder y utilizar el sitio web, es, en calidad de propietario, RARA SUMA Y SIGUE ESPECTACULOS S.L., con CIF B-86384203, con domicilio social en Avenida de Fuencarral 44, Edificio 6 \u2013 L.34, 28108 Alcobendas (Madrid), inscrita en el Registro Mercantil de Madrid en Secci\u00f3n 8, Hoja M532995.  tel\u00e9fono +(34) 91 629 40 82 y correo electr\u00f3nico info@circodeloshorrores.com\nRARA SUMA Y SIGUE ESPECTACULOS S.L., se compromete a aplicar las medidas de seguridad inform\u00e1tica previstas en la normativa citada previamente, con el objetivo de impedir el acceso o uso indebido de los datos, su manipulaci\u00f3n, deterioro o p\u00e9rdida.\n<br \/>\n\n<h2>DURACI\u00d3N DEL ALMACENAMIENTO DE LOS DATOS<\/h2>\nRARA SUMA Y SIGUE ESPECTACULOS S.L.,  como responsable del tratamiento, se compromete a almacenar y gestionar los datos personales e informaci\u00f3n recogida mediante esta p\u00e1gina web con la debida confidencialidad mientras se mantenga la relaci\u00f3n profesional surgida y la persona interesada no solicite su supresi\u00f3n, y en su caso, por un plazo no superior a 5 a\u00f1os, a contar desde la finalizaci\u00f3n de la relaci\u00f3n comercial establecida entre el usuario y RARA SUMA Y SIGUE ESPECTACULOS S.L.,  No obstante, el responsable del tratamiento podr\u00e1 conservar, debidamente bloqueados, los datos para atender posibles responsabilidades administrativas o jurisdiccionales.\n<br \/>\n<h2>FINALIDADES DEL TRATAMIENTO DE DATOS<\/h2>\nLas operaciones, gestiones y procedimientos t\u00e9cnicos, ya sean realizados de forma automatizada como no automatizada, que posibiliten la recogida, almacenamiento, modificaci\u00f3n, transferencia y otras acciones sobre datos de car\u00e1cter personal, tienen la consideraci\u00f3n de tratamiento de datos personales.\nEn RARA SUMA Y SIGUE ESPECTACULOS S.L., tratamos los datos personales que el usuario nos facilita a trav\u00e9s de www.circodeloshorrores.com con el fin de incluirlos en la agenda de contactos, gestionar la relaci\u00f3n comercial solicitada y utilizar as\u00ed esta informaci\u00f3n como medio de contacto de dicha empresa. Adem\u00e1s, el tratamiento de estos datos recabados tambi\u00e9n implica gestionar el env\u00edo de la informaci\u00f3n que nos sea solicitada y poder responder a las consultas o cuestiones que el usuario remita a trav\u00e9s del sitio web.<br \/>\nLos campos de los registros se deben cumplimentar obligatoriamente para que RARA SUMA Y SIGUE ESPECTACULOS S.L., pueda cumplir con las finalidades mencionadas con anterioridad.\nEl usuario consentir\u00e1 mediante una acci\u00f3n afirmativa el deseo de recibir comunicaciones comerciales y tendr\u00e1 derecho a oponerse al env\u00edo de comunicaciones comerciales en cualquier momento mediante el env\u00edo de un mensaje de correo electr\u00f3nico a la direcci\u00f3n indicada supra l\u00edneas.\n<br \/>\n<h2>LEGITIMACI\u00d3N PARA EL TRATAMIENTO DE LOS DATOS<\/h2>\nEl tratamiento de los datos personales que proporciona el usuario se realiza en base a las siguientes bases jur\u00eddicas que legitiman el mismo:\nLa contrataci\u00f3n de servicios de RARA SUMA Y SIGUE ESPECTACULOS S.L., y la ejecuci\u00f3n del encargo profesional solicitado, cuyos t\u00e9rminos y condiciones se pondr\u00e1n a disposici\u00f3n del usuario de forma previa a una eventual contrataci\u00f3n. Para poder llevar a cabo esta relaci\u00f3n profesional solicitada, el interesado est\u00e1 obligado a facilitar sus datos.\nEl consentimiento libre, espec\u00edfico, informado e inequ\u00edvoco, ya que tras la lectura de la presente Pol\u00edtica de Privacidad el usuario queda informado y, en caso de estar conforme, puede aceptarla mediante una declaraci\u00f3n o una clara acci\u00f3n afirmativa, como el marcado de una casilla que se dispone al efecto.\nEn el caso de que el interesado no facilite los citados datos o \u00e9stos sean err\u00f3neos o inexactos, no podremos atender su solicitud, resultando imposible proporcionarle la informaci\u00f3n solicitada o llevar a cabo la contrataci\u00f3n de los servicios. Por tanto, el responsable del tratamiento, RARA SUMA Y SIGUE ESPECTACULOS S.L., quedar\u00e1 exonerado de toda responsabilidad que pudiera derivarse de la no ejecuci\u00f3n del encargo profesional o de las consecuencias que se deriven de estas informaciones inexactas o err\u00f3neas.<br \/>\n\n<h2>COMUNICACI\u00d3N DE DATOS<\/h2>\nCon car\u00e1cter general RARA SUMA Y SIGUE ESPECTACULOS S.L., no comunicar\u00e1 estos datos personales a terceros, con la salvedad de que la prestaci\u00f3n de un servicio implique la necesidad de una relaci\u00f3n contractual con un encargado de tratamiento y ello sea estrictamente necesario para gestionar y mantener la relaci\u00f3n entre el usuario y la mencionada empresa. Esto se har\u00e1 s\u00f3lo durante el tiempo imprescindible para posibilitar la ejecuci\u00f3n del contrato de encargo, y en las mismas condiciones y con las mismas responsabilidades que se le exigen al responsable. Una vez finalizado el encargo, el encargado del tratamiento devolver\u00e1 al responsable los datos personales y suprimir\u00e1 cualquier copia de la que disponga.\nPara la gesti\u00f3n del cobro de las entradas y pasarelas de pago, sus datos ser\u00e1n cedidos a las siguientes empresas del grupo:\n\u2022\tPOETICA DEL HORROR, A.I.E con CIF V88154760 y con domicilio social en Avenida de Fuencarral 44, Edificio 6 \u2013 L.34, 28108 Alcobendas (Madrid).\n\u2022\tS\u00daBETE AL ALAMBRE, A.I.E. con CIF V10619427 y con domicilio social en Avenida de Fuencarral 44, Edificio 6 \u2013 L.34, 28108 Alcobendas (Madrid).\nPor otra parte, s\u00f3lo tendr\u00e1n derecho a acceder a estos datos personales los terceros con los que RARA SUMA Y SIGUE ESPECTACULOS S.L., tenga una obligaci\u00f3n legal o contractual de facilitarlos, entre los que se incluyen, por ejemplo, el Defensor del Pueblo y Jueces y Tribunales interesados en los procedimientos relacionados con las reclamaciones presentadas.\n<br \/>\n<h2>DERECHOS DE LOS INTERESADOS<\/h2>\nEl usuario podr\u00e1 ejercitar en todo momento, en los t\u00e9rminos establecidos en la legislaci\u00f3n vigente, los derechos de acceso, rectificaci\u00f3n o supresi\u00f3n de datos, solicitar que se limite el tratamiento, oponerse al mismo, solicitar la portabilidad de sus datos, as\u00ed como revocar el consentimiento prestado, derechos reconocidos en el citado Reglamento (UE). El ejercicio de estos derechos puede realizarlo el propio usuario dirigi\u00e9ndose a RARA SUMA Y SIGUE ESPECTACULOS S.L., en la direcci\u00f3n de su sede social indicada anteriormente; a trav\u00e9s del env\u00edo de un correo electr\u00f3nico a la siguiente direcci\u00f3n datosclientes@circodeloshorrores.com\n<br \/>\nPara el efectivo ejercicio de estos derechos, el usuario deber\u00e1 acreditar su identidad facilitando su nombre y apellidos, fotocopia del DNI o documento identificativo equivalente que acredite su identidad, petici\u00f3n en la que se concrete la solicitud, direcci\u00f3n a efectos de notificaciones, y fecha y firma del solicitante.\nAsimismo, el usuario podr\u00e1 reclamar ante la Agencia Espa\u00f1ola de Protecci\u00f3n de Datos (Autoridad de Control competente en esta materia), especialmente cuando no haya obtenido satisfacci\u00f3n en el ejercicio de sus derechos, mediante escrito dirigido a misma, C\/Jorge Juan, N.\u00ba  6, 28001 \u2013 Madrid, o a trav\u00e9s de la web: https:\/\/www.agpd.es\n\n\t\t\t\t\t\t<\/div>\n\t\t\t\t<\/div>\n\t\t\t\t\t<\/div>\n\t\t<\/div>\n\t\t\t\t\t\t\t<\/div>\n\t\t<\/section>\n\t\t\t\t\t\t\t<\/div>\n\t\t","protected":false},"excerpt":{"rendered":"<p>En aplicaci\u00f3n de lo dispuesto en el Reglamento (UE) 2016\/679 del Parlamento Europeo y del Consejo, de 27 de abril de 2016 y en la Ley Org\u00e1nica 3\/2018 de 5 de diciembre, de Protecci\u00f3n de Datos de Car\u00e1cter Personal y garant\u00eda de los derechos digitales. La Pol\u00edtica de Privacidad se debe incluir de manera obligatoria [&hellip;]<\/p>\n","protected":false},"author":295786,"featured_media":0,"parent":0,"menu_order":0,"comment_status":"closed","ping_status":"closed","template":"","meta":[],"yoast_head":"<!-- This site is optimized with the Yoast SEO plugin v20.5 - https:\/\/yoast.com\/wordpress\/plugins\/seo\/ -->\n<title>Pol\u00edtica de privacidad - La Novela del Circo de los Horrores<\/title>\n<meta name=\"robots\" content=\"index, follow, max-snippet:-1, max-image-preview:large, max-video-preview:-1\" \/>\n<link rel=\"canonical\" href=\"https:\/\/circodeloshorrores.com\/lanovela\/politica-de-privacidad\/\" \/>\n<meta property=\"og:locale\" content=\"es_ES\" \/>\n<meta property=\"og:type\" content=\"article\" \/>\n<meta property=\"og:title\" content=\"Pol\u00edtica de privacidad - La Novela del Circo de los Horrores\" \/>\n<meta property=\"og:description\" content=\"En aplicaci\u00f3n de lo dispuesto en el Reglamento (UE) 2016\/679 del Parlamento Europeo y del Consejo, de 27 de abril de 2016 y en la Ley Org\u00e1nica 3\/2018 de 5 de diciembre, de Protecci\u00f3n de Datos de Car\u00e1cter Personal y garant\u00eda de los derechos digitales. La Pol\u00edtica de Privacidad se debe incluir de manera obligatoria [&hellip;]\" \/>\n<meta property=\"og:url\" content=\"https:\/\/circodeloshorrores.com\/lanovela\/politica-de-privacidad\/\" \/>\n<meta property=\"og:site_name\" content=\"La Novela del Circo de los Horrores\" \/>\n<meta property=\"article:modified_time\" content=\"2023-03-28T07:45:38+00:00\" \/>\n<meta name=\"twitter:card\" content=\"summary_large_image\" \/>\n<meta name=\"twitter:label1\" content=\"Tiempo de lectura\" \/>\n\t<meta name=\"twitter:data1\" content=\"7 minutos\" \/>\n<script type=\"application\/ld+json\" class=\"yoast-schema-graph\">{\"@context\":\"https:\/\/schema.org\",\"@graph\":[{\"@type\":\"WebPage\",\"@id\":\"https:\/\/circodeloshorrores.com\/lanovela\/politica-de-privacidad\/\",\"url\":\"https:\/\/circodeloshorrores.com\/lanovela\/politica-de-privacidad\/\",\"name\":\"Pol\u00edtica de privacidad - La Novela del Circo de los Horrores\",\"isPartOf\":{\"@id\":\"https:\/\/circodeloshorrores.com\/lanovela\/#website\"},\"datePublished\":\"2023-03-28T07:45:07+00:00\",\"dateModified\":\"2023-03-28T07:45:38+00:00\",\"breadcrumb\":{\"@id\":\"https:\/\/circodeloshorrores.com\/lanovela\/politica-de-privacidad\/#breadcrumb\"},\"inLanguage\":\"es\",\"potentialAction\":[{\"@type\":\"ReadAction\",\"target\":[\"https:\/\/circodeloshorrores.com\/lanovela\/politica-de-privacidad\/\"]}]},{\"@type\":\"BreadcrumbList\",\"@id\":\"https:\/\/circodeloshorrores.com\/lanovela\/politica-de-privacidad\/#breadcrumb\",\"itemListElement\":[{\"@type\":\"ListItem\",\"position\":1,\"name\":\"Portada\",\"item\":\"https:\/\/circodeloshorrores.com\/lanovela\/\"},{\"@type\":\"ListItem\",\"position\":2,\"name\":\"Pol\u00edtica de privacidad\"}]},{\"@type\":\"WebSite\",\"@id\":\"https:\/\/circodeloshorrores.com\/lanovela\/#website\",\"url\":\"https:\/\/circodeloshorrores.com\/lanovela\/\",\"name\":\"La Novela del Circo de los Horrores\",\"description\":\"\",\"potentialAction\":[{\"@type\":\"SearchAction\",\"target\":{\"@type\":\"EntryPoint\",\"urlTemplate\":\"https:\/\/circodeloshorrores.com\/lanovela\/?s={search_term_string}\"},\"query-input\":\"required name=search_term_string\"}],\"inLanguage\":\"es\"}]}<\/script>\n<!-- \/ Yoast SEO plugin. -->","yoast_head_json":{"title":"Pol\u00edtica de privacidad - La Novela del Circo de los Horrores","robots":{"index":"index","follow":"follow","max-snippet":"max-snippet:-1","max-image-preview":"max-image-preview:large","max-video-preview":"max-video-preview:-1"},"canonical":"https:\/\/circodeloshorrores.com\/lanovela\/politica-de-privacidad\/","og_locale":"es_ES","og_type":"article","og_title":"Pol\u00edtica de privacidad - La Novela del Circo de los Horrores","og_description":"En aplicaci\u00f3n de lo dispuesto en el Reglamento (UE) 2016\/679 del Parlamento Europeo y del Consejo, de 27 de abril de 2016 y en la Ley Org\u00e1nica 3\/2018 de 5 de diciembre, de Protecci\u00f3n de Datos de Car\u00e1cter Personal y garant\u00eda de los derechos digitales. La Pol\u00edtica de Privacidad se debe incluir de manera obligatoria [&hellip;]","og_url":"https:\/\/circodeloshorrores.com\/lanovela\/politica-de-privacidad\/","og_site_name":"La Novela del Circo de los Horrores","article_modified_time":"2023-03-28T07:45:38+00:00","twitter_card":"summary_large_image","twitter_misc":{"Tiempo de lectura":"7 minutos"},"schema":{"@context":"https:\/\/schema.org","@graph":[{"@type":"WebPage","@id":"https:\/\/circodeloshorrores.com\/lanovela\/politica-de-privacidad\/","url":"https:\/\/circodeloshorrores.com\/lanovela\/politica-de-privacidad\/","name":"Pol\u00edtica de privacidad - La Novela del Circo de los Horrores","isPartOf":{"@id":"https:\/\/circodeloshorrores.com\/lanovela\/#website"},"datePublished":"2023-03-28T07:45:07+00:00","dateModified":"2023-03-28T07:45:38+00:00","breadcrumb":{"@id":"https:\/\/circodeloshorrores.com\/lanovela\/politica-de-privacidad\/#breadcrumb"},"inLanguage":"es","potentialAction":[{"@type":"ReadAction","target":["https:\/\/circodeloshorrores.com\/lanovela\/politica-de-privacidad\/"]}]},{"@type":"BreadcrumbList","@id":"https:\/\/circodeloshorrores.com\/lanovela\/politica-de-privacidad\/#breadcrumb","itemListElement":[{"@type":"ListItem","position":1,"name":"Portada","item":"https:\/\/circodeloshorrores.com\/lanovela\/"},{"@type":"ListItem","position":2,"name":"Pol\u00edtica de privacidad"}]},{"@type":"WebSite","@id":"https:\/\/circodeloshorrores.com\/lanovela\/#website","url":"https:\/\/circodeloshorrores.com\/lanovela\/","name":"La Novela del Circo de los Horrores","description":"","potentialAction":[{"@type":"SearchAction","target":{"@type":"EntryPoint","urlTemplate":"https:\/\/circodeloshorrores.com\/lanovela\/?s={search_term_string}"},"query-input":"required name=search_term_string"}],"inLanguage":"es"}]}},"_links":{"self":[{"href":"https:\/\/circodeloshorrores.com\/lanovela\/wp-json\/wp\/v2\/pages\/338"}],"collection":[{"href":"https:\/\/circodeloshorrores.com\/lanovela\/wp-json\/wp\/v2\/pages"}],"about":[{"href":"https:\/\/circodeloshorrores.com\/lanovela\/wp-json\/wp\/v2\/types\/page"}],"author":[{"embeddable":true,"href":"https:\/\/circodeloshorrores.com\/lanovela\/wp-json\/wp\/v2\/users\/295786"}],"replies":[{"embeddable":true,"href":"https:\/\/circodeloshorrores.com\/lanovela\/wp-json\/wp\/v2\/comments?post=338"}],"version-history":[{"count":3,"href":"https:\/\/circodeloshorrores.com\/lanovela\/wp-json\/wp\/v2\/pages\/338\/revisions"}],"predecessor-version":[{"id":341,"href":"https:\/\/circodeloshorrores.com\/lanovela\/wp-json\/wp\/v2\/pages\/338\/revisions\/341"}],"wp:attachment":[{"href":"https:\/\/circodeloshorrores.com\/lanovela\/wp-json\/wp\/v2\/media?parent=338"}],"curies":[{"name":"wp","href":"https:\/\/api.w.org\/{rel}","templated":true}]}}